{"id":14,"date":"2014-12-04T09:43:12","date_gmt":"2014-12-04T09:43:12","guid":{"rendered":"\/blog\/?page_id=14"},"modified":"2016-07-07T12:41:50","modified_gmt":"2016-07-07T10:41:50","slug":"impressum","status":"publish","type":"page","link":"\/blog\/impressum\/","title":{"rendered":"Impressum"},"content":{"rendered":"<h2>Inhaltlich verantwortlich<br \/>\ngem\u00e4\u00df \u00a7 10 Absatz 3 MDStV:<\/h2>\n<p>EigenSinn e.V.<br \/>\nPr\u00e4vention von sexualisierter Gewalt an M\u00e4dchen und Jungen<br \/>\nMarktstra\u00dfe 38<br \/>\n33602 Bielefeld<\/p>\n<p>fon: 0521. 13 37 96<br \/>\nfax: 0521. 17 70 86<br \/>\nmail: info@eigensinn.org<br \/>\nweb: http:\/\/www.eigensinn.org<\/p>\n<h3>Haftungshinweis<\/h3>\n<p>Trotz sorgf\u00e4ltiger inhaltlicher Kontrolle \u00fcbernimmt EigenSinn e.V. keine Haftung f\u00fcr die Inhalte externer Links. F\u00fcr den Inhalt der verlinkten Seiten sind ausschlie\u00dflich deren Betreiber verantwortlich.<\/p>\n<h3>Copyright<\/h3>\n<p>Alle durch EigenSinn e.V. oder andere Autoren und Fotografen erstellten Inhalte und Werke auf diesen Seiten unterliegen dem deutschen Urheberrecht. Jede Form der Bearbeitung,\u00a0Verbreitung und Verwertung au\u00dferhalb der Grenzen des Urheberrechtes bed\u00fcrfen der schriftlichen Zustimmung durch EigenSinn e.V. und\/oder den jeweiligen Autoren\/Fotografen. Kopien und Downloads von dieser Seite sind nur f\u00fcr den privaten, nicht kommerziellen Gebrauch gestattet (ausgenommen der zum Download ausdr\u00fccklich angebotenen Dateien).<\/p>\n<h3>Konzeption und Screendesign<\/h3>\n<p>EigenSinn e.V. mit freundlicher Unterst\u00fctzung von Claudia Schlutter, <a href=\"http:\/\/www.sichtbar-gestaltet.de\/\" target=\"_blank\">www.sichtbar-gestaltet.de<\/a><\/p>\n<h3>Technische Realisierung<\/h3>\n<p>Stefan Pump, <a href=\"http:\/\/www.jsp-web.de\/\" target=\"_blank\">www.jsp-web.de<br \/>\n<\/a>implementiert\u00a0auf Basis von <a title=\"Elmastudio WordPress Themes\" href=\"http:\/\/www.elmastudio.de\/wordpress-themes\/dorayaki\">Dorayaki, Elmastudio<\/a><\/p>\n<h3>Bildnachweis<\/h3>\n<p>Alle Bilder (soweit nicht hier oder am Motiv anders angegeben):<br \/>\n\u00a9 EigenSinn e.V.<\/p>\n<p>Motive Startseite:<br \/>\nDear Diary.: \u00a9 photocase.de\/misterQM<br \/>\nJungen mit Tablet:\u00a0\u00a9 Steffi Behrmann, <a href=\"http:\/\/www.steffibehrmann.de\/\" target=\"_blank\">www.steffibehrmann.de<br \/>\n<\/a>Ein Brief f\u00fcr Dich!: \u00a9 photocase.de\/margie<br \/>\nJunge, M\u00e4dchen und Mitarbeiterin mit Tablet:\u00a0\u00a9 Steffi Behrmann, <a href=\"http:\/\/www.steffibehrmann.de\/\" target=\"_blank\">www.steffibehrmann.de<br \/>\n<\/a>Literarisch verbunden.:\u00a0\u00a9 photocase.de\/Rike.<br \/>\nEin Herz f\u00fcr&#8230;:\u00a0\u00a9 photocase.de\/David-W-<br \/>\nLogo Duchblick im Netz: \u00a9\u00a0EigenSinn e.V.\/ Solveig Hepp<\/p>\n","protected":false},"excerpt":{"rendered":"<p>Inhaltlich verantwortlich gem\u00e4\u00df \u00a7 10 Absatz 3 MDStV: EigenSinn e.V. Pr\u00e4vention von sexualisierter Gewalt an M\u00e4dchen und Jungen Marktstra\u00dfe 38 33602 Bielefeld fon: 0521. 13 37 96 fax: 0521. 17 70 86 mail: info@eigensinn.org web: http:\/\/www.eigensinn.org Haftungshinweis Trotz sorgf\u00e4ltiger inhaltlicher Kontrolle \u00fcbernimmt EigenSinn e.V. keine Haftung &hellip; <\/p>\n<p><a href=\"\/blog\/impressum\/\" class=\"more-link\"><span class=\"morelink-icon\">Weiterlesen<\/span><\/a><\/p>\n","protected":false},"author":2,"featured_media":0,"parent":0,"menu_order":60,"comment_status":"closed","ping_status":"closed","template":"page-templates\/full-width.php","meta":[],"acf":[],"_links":{"self":[{"href":"\/blog\/wp-json\/wp\/v2\/pages\/14"}],"collection":[{"href":"\/blog\/wp-json\/wp\/v2\/pages"}],"about":[{"href":"\/blog\/wp-json\/wp\/v2\/types\/page"}],"author":[{"embeddable":true,"href":"\/blog\/wp-json\/wp\/v2\/users\/2"}],"replies":[{"embeddable":true,"href":"\/blog\/wp-json\/wp\/v2\/comments?post=14"}],"version-history":[{"count":13,"href":"\/blog\/wp-json\/wp\/v2\/pages\/14\/revisions"}],"predecessor-version":[{"id":255,"href":"\/blog\/wp-json\/wp\/v2\/pages\/14\/revisions\/255"}],"wp:attachment":[{"href":"\/blog\/wp-json\/wp\/v2\/media?parent=14"}],"curies":[{"name":"wp","href":"https:\/\/api.w.org\/{rel}","templated":true}]}}